the tens digit of -137*d/6*-3?
4
Suppose -86*d + 87*d = 12344. What is the ten thousands digit of d?
1
Suppose -3*u = -w - 35, -2*u - 5*w = -11 - 1. Suppose -5*g - 239 = -r, -4*g - 9 = u. What is the tens digit of r?
1
Let h(k) = 264*k**3 - 42*k**2 - 33*k + 253. What is the ten thousands digit of h(6)?
5
Suppose -3*k + 2961 = r, -4*k = -r + 2272 - 6227. Let h = -2 + k. What is the hundreds digit of h?
9
Let x(q) be the second derivative of 17*q**6/360 - q**5/60 + q**4/8 + 5*q**3/6 + 9*q. Let r(g) be the second derivative of x(g). What is the tens digit of r(2)?
6
Let t(j) = 60*j - 30. Let n be t(10). Suppose 5*m = -3*l + 350 + 89, 0 = 4*l - m - n. What is the tens digit of l?
4
Suppose 20 - 11 = 9*u. What is the hundreds digit of 207/u - (53 - 58)?
2
Let c be 233/1*(10 - 3). Suppose -r = -g + r + 319, -5*g + r + c = 0. Suppose 7*a = 4*a + g. What is the hundreds digit of a?
1
Let i = -78 - -63. Let z be i/6*(-36)/30. Suppose 2*l = -z*s - 0*l + 356, -381 = -3*s + 3*l. What is the hundreds digit of s?
1
Suppose 74241 = -4748*c + 4757*c. What is the hundreds digit of c?
2
Suppose 2*y = 2*h + 130, 0 = 3*h + 2*y + 205 - 25. Let b = 200 - h. What is the units digit of b?
2
Let l be (2/6)/((-8)/(-19512)). Suppose 0 = -3*r - 4*u + 813, 5*r + 3*u = 2*r + l. What is the tens digit of r?
7
Suppose 164677 = -6*i - 209675. What is the hundreds digit of 1/(-7) - i/154?
4
Let x(j) = 113*j - 75. Suppose -8*o - 8 = -6*o, 4*r - o = 36. What is the units digit of x(r)?
9
What is the hundreds digit of 540/48*6*1924/9?
4
Let v = 123 + -83. Let a = -46 + v. What is the hundreds digit of a/(3 + ((-2484)/272)/3)?
1
Let w be 672/35*(-45)/(-2). Let n = w + -219. What is the tens digit of n + (-16)/(-4) + -5?
1
Let q be 0 + -2 + 40 - 3. Suppose t + 516 + q = 0. Let g = 785 + t. What is the hundreds digit of g?
2
Suppose 0 = -3*h - 14 + 5, 2*h - 19 = 5*m. What is the tens digit of 203 + -3 - m/((-30)/(-18))?
0
Let y = 199 + -108. Let p = y - 43. What is the tens digit of p + 3/(10/(-8) + 2)?
5
Let l(y) = y**2 - 2*y - 83. Let h be l(-8). What is the tens digit of (0 - (h - -1))*(4 - -15)?
3
Let g(h) be the second derivative of 3*h**4 + 2*h. Suppose 4*i - w = 3*w - 20, 0 = -i + 4*w - 17. What is the units digit of g(i)?
6
Let t(v) = 204*v**2 - 12*v + 22. Let m be t(2). Suppose -3*k + 2*i + 2452 = 95, -m = -k - 5*i. What is the units digit of k?
9
Suppose -5*h = 2*u - 616, -2*h + 134 + 110 = 2*u. Let j = h + 318. What is the units digit of j?
2
Let b be (5 + -5)/2*(-2)/(-4). Suppose b = 2*z + 7 - 7. Suppose 2*i + 6 = z, -i = h + 3*i - 59. What is the tens digit of h?
7
Let f(o) = -o**3 + 8*o**2 + 8*o + 3. Let n be f(8). Suppose 935 = 3*z + 2*q, 5*z - 1569 = n*q - 65*q. What is the units digit of z?
3
Let t(y) = 129*y**2 + 44*y - 41. What is the units digit of t(-6)?
9
Suppose 0 = -1170*p + 1197*p - 691065. What is the units digit of p?
5
Suppose 5*n + 5*p - 60354 = 7441, -3*n + 40670 = 4*p. What is the units digit of n?
6
Let m(q) = 3*q**2 + 84*q - 84. Let z be m(-29). Suppose -5153 = z*g - 6*g + 5*u, -8539 = -5*g - 4*u. What is the units digit of g?
1
Let c be (-3)/(-24) - (-69)/24. Suppose 0 = c*k - 34*k + 34131. What is the thousands digit of k?
1
What is the hundreds digit of ((-5)/(-3)*-191)/(2/(-6))?
9
Let g(s) = -327*s**3 + 4*s**2 + 27*s + 139. What is the tens digit of g(-5)?
7
Suppose 5*w - 34 - 41 = 0. What is the hundreds digit of 163 + w - -3*1?
1
Let x(l) = -3*l - 3. Let o be x(-5). Suppose -r - 91 = 5*t + 182, -4*t = o. Let f = -145 - r. What is the tens digit of f?
1
What is the ten thousands digit of (15795 - (-5)/(-5)) + 36/(-12)?
1
Let v be (-2)/(-14) + (-165)/(-21). Suppose -v*j = j + 27. What is the units digit of j*1/3 - -5?
4
Suppose -v - 4 = -3*v. Suppose -4*b + 11 = -25. Suppose -w = u - 12, 3*u - v*w = -b + 35. What is the units digit of u?
0
Let i(o) = -o**3 + 31*o**2 + 34*o - 90. Let z be i(32). What is the tens digit of (-13154)/(-13) + 3 + (-4)/z?
1
Suppose -5*c = 4*p - 98, -4*c + p + 37 = -54. Let x be c/(-2*4/(-16)). Suppose -4*f + o + 22 = -3*f, o + x = 2*f. What is the tens digit of f?
2
Let k = 110 + -111. Let i be (-171)/45 + k/5. What is the units digit of 205 - i/(-2) - (-12 - -11)?
4
Let x be -2 - (-1*2 - 2). Suppose 22 = -37*p + 48*p - 22. Suppose p*v - 740 = 4*w, -740 = -6*v + x*v + 3*w. What is the units digit of v?
5
Suppose 6*k - 5*v = 2*k - 566, -5*v - 586 = 4*k. Let y = -43 - k. Suppose -5*o + 1196 = y. What is the units digit of o?
9
What is the units digit of -1*(-12)/(-28) - (-335956)/28?
8
Let t(h) = h**3 - 18*h**2 + 6*h - 13. Let n(j) = -14*j + 36. Let z be n(-5). Let a = z - 88. What is the tens digit of t(a)?
9
Suppose 8*c + 49 - 17 = 0. What is the units digit of 2409/5 + c + 5/25?
8
Suppose -3*o + 12 = 0, -8 = 5*y - 3*y - 2*o. Suppose 12 = 3*t + 3*h - y*h, -5*h = -4*t - 20. Suppose -n + 70 + 16 = t. What is the units digit of n?
6
Let d = 3011 - -940. What is the tens digit of d?
5
Suppose 2*l - 5*x + 1417 + 620 = 0, -l + 3*x - 1021 = 0. Let r = 1733 + l. What is the tens digit of r?
2
What is the tens digit of (-213192)/(-945) + (8/10 - 4/10)?
2
Let j(n) = 155*n + 6. Let a(d) = -d + 1. Let u(s) = -2*a(s) + j(s). Let x be u(-1). What is the units digit of (2/(-4))/((-5)/(-20)) - x?
1
Let o(n) = -n + 11*n + 31 - n - 21 - n**2. What is the units digit of o(8)?
8
Let j be 143/4 + (-6)/(-24). Suppose 34*t - 12 = j*t. What is the units digit of -2 + (-1376)/t + (-10)/(-15)?
8
Let q(c) = -c**2 - 7*c + 124. Let v be q(-15). Suppose -286 = v*h - 5110. What is the hundreds digit of h?
2
Let n = 575 + -570. Suppose -3*h + 1286 = -n*k - 2456, -4*k = -4. What is the thousands digit of h?
1
Suppose 45*i + 92120 = -47*i + 100*i. What is the hundreds digit of i?
5
Suppose -3*i - 427 = 881. Let p be i/(-3) + -3*2/18. Suppose 3*l - 5*l = c - 147, -2*l + c = -p. What is the units digit of l?
3
Suppose -36*i + 934837 = 5*i + 146448. What is the hundreds digit of i?
2
Suppose -2 = d - h + 1, -9 = 3*d + h. Let u = -1506 - -1496. What is the hundreds digit of (0 + 5/u)/(d/1020)?
1
Suppose 0*c - 30*c = -257580. Suppose 11*w - c = -16*w. What is the units digit of w?
8
Let y(f) = 60*f - 64. Let z be y(0). Suppose -4*n + 400 = -5*v, 0 = -3*n - 4*v + 327 - 27. Let i = z + n. What is the tens digit of i?
3
Suppose 0 = -4*a + 3*q + 180005, 3*a = 2*q + 138396 - 3392. What is the hundreds digit of a?
0
Suppose -169606 = -64*w + 806010. What is the ten thousands digit of w?
1
Let z = -922 - -891. Let v(p) = p**3 + 36*p**2 + 117*p - 22. What is the thousands digit of v(z)?
1
What is the units digit of 3*(-161)/(-21) - -30606?
9
Suppose -g = 3*h - 1026, 2*h - 4*g = h + 342. What is the units digit of (-2)/3 + 5/(135/h)?
2
Suppose -2*p = -0*p - 8. Suppose 0 = -p*n + 3*y - 48, 3*n = -0*n + y - 36. What is the hundreds digit of -3*(-1)/n - 810/(-8)?
1
Suppose -s = 3*m - 58854, 7495 = m - 19*s - 12297. What is the tens digit of m?
2
Suppose 0 = -n - 9 + 29. Suppose -n*h + h + 6175 = 0. What is the units digit of h?
5
Suppose -124*c + 118*c = -40176. What is the tens digit of ((-2)/(-4))/(-4 + 26793/c)?
7
Let z = -385 - -388. Suppose 6*y - z*y + 92 = 2*q, 16 = 4*y. What is the tens digit of q?
5
Let i(y) = -21843*y - 339. What is the tens digit of i(-1)?
0
Suppose 2130325 = 141*a - 3973142. What is the units digit of a?
7
Suppose 0 = -5*l + 10, 5*l = -5*t + l + 28. Let p = 31 + -31. Suppose p = -t*u + 99 + 45. What is the units digit of u?
6
Let y(j) = 433*j**2 + j + 2. Let x(k) = 7*k**2 + 17*k + 5. Let d be x(-2). What is the tens digit of y(d)?
3
Let j = 7 - -406. Let u = j + -273. What is the units digit of ((-327)/5)/((-42)/u)?
8
Suppose -3*h = m - 1291, -m + 2*m - 2*h = 1316. Suppose -f + m = 2*k, -3*f + 401 = 4*k - 2207. Let b = -454 + k. What is the tens digit of b?
0
Let n = -1324 + 3429. Let c = -895 + n. What is the tens digit of c?
1
Suppose 9*m - 6*m - 291 = -3*i, 5 = -i. Suppose -4*a = 2*s - 90, 0*a - 2*s = -4*a + m. What is the units digit of a?
4
Let w(h) = -h**2 + 412*h - 443. What is the thousands digit of w(100)?
0
Let z(q) = q**3 - 19*q**2 - 22*q - 24. Let u be z(20). What is the units digit of -2 + u/(-34) + (-35808)/(-51)?
2
Suppose 632*w - 635*w = 3*y - 273366, -5*w + 91150 = y. What is the tens digit of y?
1
Suppose -521 = 2*d + 1